{"id":384,"date":"2018-08-27T13:26:50","date_gmt":"2018-08-27T11:26:50","guid":{"rendered":"http:\/\/wardrecques.fr\/?page_id=384"},"modified":"2018-08-27T13:27:07","modified_gmt":"2018-08-27T11:27:07","slug":"enedis","status":"publish","type":"page","link":"https:\/\/wardrecques.fr\/index.php\/organismes-exterieurs\/enedis\/","title":{"rendered":"Enedis"},"content":{"rendered":"<p>Voici les diff\u00e9rents sites internets en rapport avec Enedis. Comme&nbsp;vous&nbsp;le&nbsp;savez&nbsp;depuis plus&nbsp;d&rsquo;un&nbsp;an,&nbsp;ERDF&nbsp;a chang\u00e9 de nom pour Enedis.<\/p>\n<p>&#8211;&nbsp;<a href=\"http:\/\/www.enedis.fr\/\">http:\/\/www.enedis.fr\/<\/a>&nbsp;gestionnaire du r\u00e9seau de distribution d\u2019\u00e9lectricit\u00e9.&nbsp;&nbsp;<\/p>\n<p>&#8211;&nbsp;<u><a href=\"https:\/\/selectra.info\/demenagement\/annuaire\/pas-de-calais\/wardrecques\">https:\/\/selectra.info\/demenagement\/annuaire\/pas-de-calais\/wardrecques<\/a><\/u>&nbsp; qui liste les num\u00e9ros&nbsp;d&rsquo;urgence pour l&rsquo;\u00e9lectricit\u00e9 dans votre commune.<\/p>\n<p>&#8211;&nbsp;<u><a href=\"https:\/\/agence-energie.com\/agence-edf\/wardrecques\">https:\/\/agence-energie.com\/agence-edf\/wardrecques<\/a><\/u>&nbsp;&nbsp;qui contient l&rsquo;adresse des&nbsp;agence&nbsp;EDF&nbsp;\u00e0 proximit\u00e9 de votre commune.<\/p>\n<p>&#8211;&nbsp;&nbsp;<a href=\"https:\/\/www.fournisseurs-electricite.com\/guides\/compteur\/linky\">https:\/\/www.fournisseurs-electricite.com\/guides\/compteur\/linky<\/a> &nbsp;pour l&rsquo;ensemble des informations concernant le bon fonctionnement du compteur Linky.&nbsp;<\/p>\n","protected":false},"excerpt":{"rendered":"<p>Voici les diff\u00e9rents sites internets en rapport avec Enedis. Comme&nbsp;vous&nbsp;le&nbsp;savez&nbsp;depuis plus&nbsp;d&rsquo;un&nbsp;an,&nbsp;ERDF&nbsp;a chang\u00e9 de nom pour Enedis. &#8211;&nbsp;http:\/\/www.enedis.fr\/&nbsp;gestionnaire du r\u00e9seau de distribution d\u2019\u00e9lectricit\u00e9.&nbsp;&nbsp; &#8211;&nbsp;https:\/\/selectra.info\/demenagement\/annuaire\/pas-de-calais\/wardrecques&nbsp; qui liste les num\u00e9ros&nbsp;d&rsquo;urgence pour l&rsquo;\u00e9lectricit\u00e9 dans votre commune. &#8211;&nbsp;https:\/\/agence-energie.com\/agence-edf\/wardrecques&nbsp;&nbsp;qui contient l&rsquo;adresse des&nbsp;agence&nbsp;EDF&nbsp;\u00e0 proximit\u00e9 de votre commune. &#8211;&nbsp;&nbsp;https:\/\/www.fournisseurs-electricite.com\/guides\/compteur\/linky &nbsp;pour l&rsquo;ensemble des informations concernant le bon fonctionnement du compteur Linky.&nbsp;<\/p>\n","protected":false},"author":1,"featured_media":0,"parent":382,"menu_order":0,"comment_status":"closed","ping_status":"closed","template":"","meta":{"ngg_post_thumbnail":0},"_links":{"self":[{"href":"https:\/\/wardrecques.fr\/index.php\/wp-json\/wp\/v2\/pages\/384"}],"collection":[{"href":"https:\/\/wardrecques.fr\/index.php\/wp-json\/wp\/v2\/pages"}],"about":[{"href":"https:\/\/wardrecques.fr\/index.php\/wp-json\/wp\/v2\/types\/page"}],"author":[{"embeddable":true,"href":"https:\/\/wardrecques.fr\/index.php\/wp-json\/wp\/v2\/users\/1"}],"replies":[{"embeddable":true,"href":"https:\/\/wardrecques.fr\/index.php\/wp-json\/wp\/v2\/comments?post=384"}],"version-history":[{"count":1,"href":"https:\/\/wardrecques.fr\/index.php\/wp-json\/wp\/v2\/pages\/384\/revisions"}],"predecessor-version":[{"id":385,"href":"https:\/\/wardrecques.fr\/index.php\/wp-json\/wp\/v2\/pages\/384\/revisions\/385"}],"up":[{"embeddable":true,"href":"https:\/\/wardrecques.fr\/index.php\/wp-json\/wp\/v2\/pages\/382"}],"wp:attachment":[{"href":"https:\/\/wardrecques.fr\/index.php\/wp-json\/wp\/v2\/media?parent=384"}],"curies":[{"name":"wp","href":"https:\/\/api.w.org\/{rel}","templated":true}]}}