{"id":699,"date":"2021-05-10T16:20:09","date_gmt":"2021-05-10T14:20:09","guid":{"rendered":"https:\/\/wardrecques.fr\/?page_id=699"},"modified":"2021-05-10T16:20:09","modified_gmt":"2021-05-10T14:20:09","slug":"activites-periscolaires-cantine-garderie","status":"publish","type":"page","link":"https:\/\/wardrecques.fr\/index.php\/activites-periscolaires-cantine-garderie\/","title":{"rendered":"Activit\u00e9s p\u00e9riscolaires ( Cantine &#8211; garderie)"},"content":{"rendered":"\n<p>la commune de Wardrecques a mis en place le nouveau portail famille eTicket pour faciliter les inscriptions de vos enfants aux prestations de <em>cantine, garderie<\/em><em>.<\/em><\/p>\n\n\n\n<p>Vous pourrez aussi r\u00e9gler vos factures en ligne gr\u00e2ce \u00e0 l\u2019application mobile d\u00e9di\u00e9e disponible sur Android ou Apple (iOS) mais aussi sur le web. Cette plateforme vous offre une autonomie sur la gestion de votre compte, des d\u00e9marches facilit\u00e9es, une accessibilit\u00e9 24h\/24h.<\/p>\n\n\n\n<p>Les liens de t\u00e9l\u00e9chargement des applications (et acc\u00e8s web), des tutos vid\u00e9os et des explications d\u00e9taill\u00e9es sont \u00e0 retrouver tout de suite sur <a href=\"https:\/\/www.eticket.qiis.fr\/connexion-au-portail-famille\/\">https:\/\/www.eticket.qiis.fr\/connexion-au-portail-famille\/<\/a><\/p>\n\n\n\n<p>Pour tout renseignement compl\u00e9mentaire, je vous invite \u00e0 envoyer un mail \u00e0 : <em><a href=\"mailto:mairie@wardrecques.fr\">mairie@wardrecques.fr<\/a><\/em><em>Nous comptons sur vous pour utiliser ce service, pris en charge par la commune&nbsp;; n\u2019h\u00e9sitez pas \u00e0 vous rapprocher des services de la mairie en cas de question ou de probl\u00e8me.<\/em><\/p>\n","protected":false},"excerpt":{"rendered":"<p>la commune de Wardrecques a mis en place le nouveau portail famille eTicket pour faciliter les inscriptions de vos enfants aux prestations de cantine, garderie. Vous pourrez aussi r\u00e9gler vos factures en ligne gr\u00e2ce \u00e0 l\u2019application mobile d\u00e9di\u00e9e disponible sur Android ou Apple (iOS) mais aussi sur le web. Cette plateforme vous offre une autonomie &hellip; <\/p>\n<p class=\"link-more\"><a href=\"https:\/\/wardrecques.fr\/index.php\/activites-periscolaires-cantine-garderie\/\" class=\"more-link\">Continuer la lecture<span class=\"screen-reader-text\"> de &laquo;&nbsp;Activit\u00e9s p\u00e9riscolaires ( Cantine &#8211; garderie)&nbsp;&raquo;<\/span><\/a><\/p>\n","protected":false},"author":1,"featured_media":0,"parent":0,"menu_order":0,"comment_status":"closed","ping_status":"closed","template":"","meta":{"ngg_post_thumbnail":0},"_links":{"self":[{"href":"https:\/\/wardrecques.fr\/index.php\/wp-json\/wp\/v2\/pages\/699"}],"collection":[{"href":"https:\/\/wardrecques.fr\/index.php\/wp-json\/wp\/v2\/pages"}],"about":[{"href":"https:\/\/wardrecques.fr\/index.php\/wp-json\/wp\/v2\/types\/page"}],"author":[{"embeddable":true,"href":"https:\/\/wardrecques.fr\/index.php\/wp-json\/wp\/v2\/users\/1"}],"replies":[{"embeddable":true,"href":"https:\/\/wardrecques.fr\/index.php\/wp-json\/wp\/v2\/comments?post=699"}],"version-history":[{"count":1,"href":"https:\/\/wardrecques.fr\/index.php\/wp-json\/wp\/v2\/pages\/699\/revisions"}],"predecessor-version":[{"id":700,"href":"https:\/\/wardrecques.fr\/index.php\/wp-json\/wp\/v2\/pages\/699\/revisions\/700"}],"wp:attachment":[{"href":"https:\/\/wardrecques.fr\/index.php\/wp-json\/wp\/v2\/media?parent=699"}],"curies":[{"name":"wp","href":"https:\/\/api.w.org\/{rel}","templated":true}]}}